). Let n(g) = g**3 - 8*g**2 + 9*g - 5. Give n(v).
-23
Let v(c) be the second derivative of -3*c**5/10 + c**4/12 + c**3/6 - c**2/2 + 74*c. Determine v(1).
-5
Let d(z) = 110 + 0*z**3 + 8*z**2 - z**3 - 2*z + 0*z**3 + 3*z - 114. What is d(8)?
4
Let t = -435 + 436. Let s(k) = 8*k**2 + 2*k - 3. Calculate s(t).
7
Let g(w) = -w**3 + 2*w**2 + 3*w + 3. Suppose 0 = -2*r + 4*d - 4, 9 + 21 = 3*r + 3*d. Suppose -r = 4*t - 18. Calculate g(t).
3
Let w(b) = b**2 + 2. Let f(r) = -3*r**2 - 4*r - 7. Let h(c) = -f(c) - 4*w(c). Give h(-4).
-33
Let o be (1 + 0/2)*-1. Let i(w) = w + 1. Let m(k) = -k**3 - 5*k - 8. Let j(q) = o*m(q) - 5*i(q). Determine j(0).
3
Let c(o) = -78 - o + 2*o - 75 + 146 - 7*o. Give c(4).
-31
Let c(z) = z**2 + 15*z - 4 - 5*z + 2 - 14*z. Determine c(4).
-2
Let v(g) = 2*g - 6 + 0*g**2 - g**2 - 4*g + 5. Determine v(-2).
-1
Suppose -4*l + 7 = -3*t, l + 2*l = 5*t - 3. Let c(m) = -9*m**2 - 2*m - 11. Let y(a) = -3 - 72*a - 5*a**2 - 3 + 71*a. Let x(u) = -6*c(u) + 11*y(u). What is x(t)?
-6
Let k(s) = -s + 3. Let p(c) = c - 5. Let o(h) = 2*k(h) + 4*p(h). What is o(7)?
0
Let m(a) be the second derivative of 7*a**3/6 + 12*a**2 + 50*a. Let j be m(-2). Let p(f) = -f + 8. Give p(j).
-2
Let o(g) = -3*g**2 + 2*g**2 - 4 - 6*g + 3*g + 1. Let q be (-10)/(6/((-6)/2)). Suppose -4*x - 6 = -q*s, -2*x = -0*x + 4*s + 16. Determine o(x).
-7
Let g(h) = h - 1. Let z(y) be the first derivative of -y**3/3 + 5*y**2/2 + y - 1. Let b = -41 + 47. Let m be z(b). Determine g(m).
-6
Let b(v) = v**3 - 10*v**2 + 11*v - 6. Let u = -34 + -8. Let m = u - -51. Determine b(m).
12
Let n(z) be the first derivative of -z**7/840 - 11*z**6/360 - z**5/15 + z**4/2 + 10*z**3/3 - 17. Let x(s) be the third derivative of n(s). Calculate x(-10).
-8
Let g(s) be the second derivative of -7/12*s**4 + 0 + 5/2*s**2 + 1/6*s**3 - 9*s - 1/20*s**5. What is g(-7)?
-2
Let j(s) = -s**2 + 8*s + 4. Let l(p) be the third derivative of -p**4/8 - 5*p**3/2 - 28*p**2. Let x be l(-8). Determine j(x).
-5
Let d = 15 + -9. Let m = d - 10. Let o(a) = 10*a + 4 - 40*a + 18*a + 16*a. Calculate o(m).
-12
Suppose -24 = 11*m - 2. Let i(z) = -z - 3. Calculate i(m).
-1
Let y = 29 + -42. Let z = 15 + y. Let a(s) = 0*s + 2*s**z - 3*s**2 + s + 5 - 5*s. Calculate a(-5).
0
Suppose 38*a - 720 = 166*a - 38*a. Let l(s) = s**2 - 4*s. Let r be l(4). Let j(t) = -11 - t - 3 + r. What is j(a)?
-6
Let c(r) be the first derivative of -7 - 1/3*r**3 + 3/2*r**2 + 3*r. Let l = -18 + 22. Calculate c(l).
-1
Let a = 23 + -20. Suppose -s + 37 = -c - 0*c, 0 = a*s + 4*c - 97. Let g = s - 35. Let b(d) = d**2 - 6. Calculate b(g).
-6
Let c = 17 + 7. Suppose -6*p + c = -2*p - 4*r, 0 = -2*p - 4*r - 12. Let y(s) = -29*s - s**p + 29*s. Determine y(-2).
-4
Let o(p) = -p**2 - 6*p - p**2 + 3*p**2 - 30 + 11. What is o(9)?
8
Let o(x) be the second derivative of 1/6*x**3 + 0 - 10*x - 1/2*x**2. Suppose 0 = l - 4*b + 6 + 11, 0 = -4*b + 20. Determine o(l).
2
Let z(b) be the first derivative of 1/3*b**3 + 11 + 3*b + 0*b**2. What is z(0)?
3
Let y(u) = u - 3. Suppose 0 = -r - 6 + 14. Suppose b + 3*b = -r. Let a be -4 - (-2 + 2)/b. Determine y(a).
-7
Let c(a) be the third derivative of -a**6/120 + a**4/24 - 5*a**3/6 + 3*a**2. Let z(v) = v + 3. Suppose 0*b = -5*b - 15. Let q be z(b). What is c(q)?
-5
Let u(s) = s**2 + 4*s - 3. Suppose 0 = -7*x + 26 + 9. Suppose -h = x*y - 0*y - 19, -5*y + 2*h = -7. Calculate u(y).
18
Suppose 529*l - 515*l = 238. Let p(a) = -a**2 + 20*a - 51. Give p(l).
0
Let w(l) = 2*l**2 - l**3 + 17*l - 5*l - 6*l + 2*l + l**2 + 5. Give w(5).
-5
Let t(i) = -5*i + 3. Let j = -78 - -80. Suppose 0 = -5*n - j*y + 12, -4*n - 5*y + 3*y = -10. Give t(n).
-7
Let x(a) = a**3 + a**2 + 2. Let d be (1/1)/(-1)*0. Let l be x(d). Let k(g) = -l - 2*g + 0 + 0 + 4*g. What is k(2)?
2
Let v(d) = 9*d + 5. Let k(s) = 47*s + 27. Let l(c) = 2*k(c) - 11*v(c). Determine l(-2).
9
Suppose 0*c = 3*c - 12. Let k(x) = -164*x**2 + 13*x + 14. Let s(r) = 117*r**2 - 9*r - 10. Let v(f) = -5*k(f) - 7*s(f). Give v(c).
8
Let a be 3/2 + (-2)/4. Let v(s) = 0 - 2*s + 1 - 2*s**2 - 6*s**2 - 3 + 3. What is v(a)?
-9
Let s(l) = -l**2 - 3*l - 4. Suppose -2*a + 3 = -a. Suppose 0 = a*m + 5 + 4. Determine s(m).
-4
Let v(b) = -6*b - 1. Suppose -344*r - 30 = -314*r. Determine v(r).
5
Let p(q) = -q + 43. Let f be p(18). Let g(k) = -f + 12 + k**2 + 11 - 7*k. What is g(8)?
6
Let y be (-4 + 3)*(1 - 0). Let m = y + 4. Let g(n) = -n. Let a(q) = -q**2 - q - 4. Let i(o) = a(o) - 3*g(o). Calculate i(m).
-7
Let u be 24/16*(-8)/(-6). Suppose u - 7 = -o. Suppose 0 = 3*d + 3*b + 18, -o*d + 3*b + 3 - 9 = 0. Let w(m) = -m**2 - m. What is w(d)?
-6
Let c(a) = 9*a - 75. Let b be c(9). Let h(q) = q + 1. Give h(b).
7
Let t(x) = -x**3 + 5*x**2 + 6*x + 2. Let s be (-40)/3 + 6/18. Let i = -10 - s. Suppose 4*p + 24 = 2*d, i*p - 2*p + 33 = 5*d. What is t(d)?
2
Let a(m) be the third derivative of -m**5/60 - 3*m**4/8 - m**3 - 4*m**2. Suppose g = -3*l - 36 + 14, -g = 2*l + 16. Calculate a(l).
12
Suppose -5*y - 3*p = -p + 16, 0 = -2*y - 2*p - 10. Let o = -2 - -3. Let m(b) = 2*b - o + b - 4*b. Determine m(y).
1
Let a(b) = -b**2 - 7*b - 3. Let j be a(-6). Suppose j*x - 5 = -2*f - 1, -f = -x + 3. Let q(z) = -x + z**2 - 6 + 7. Calculate q(-3).
8
Let w(c) = 19*c**2 - 63*c + 56. Let j(f) = 12*f**2 - 42*f + 37. Let u(h) = -8*j(h) + 5*w(h). Determine u(20).
4
Let h be 17/34*(1 - -25)/(-1). Let g(j) = -j - 11. Determine g(h).
2
Let b(w) = w - 3. Let r(p) = -p**3 - 3*p**2 + 4*p - 5. Let d = 87 + -91. Let j be r(d). Determine b(j).
-8
Let c(n) = -n**3 - 7*n**2 - 1. Suppose -2*w - 5*k = -239, -2*k + 53 = -w + 195. Let v = 125 - w. What is c(v)?
-1
Let h(x) = -x**3 + 5*x**2 + 6*x - 6. Let u be 5 + (126/147 - 1/(-7)). Determine h(u).
-6
Let y be 0 + (3/7 - (-108)/42). Let l(k) = k. What is l(y)?
3
Let s(t) = -30*t + 303 + 31*t - 300. Determine s(2).
5
Let m(v) = 2*v - 2. Let p(i) = -i**3 + 6*i**2 + 5*i - 6. Let o be p(7). Let n = -13 - o. Let a be n/(-3) - (-8)/(-12). What is m(a)?
-8
Let j(l) = 5*l + 27. Let p be j(-6). Let u(c) = c**3 + 5*c**2 + 3*c - 5. Let g(f) = -2*f**3 - 6*f**2 - 4*f + 6. Let y(q) = p*u(q) - 2*g(q). Calculate y(4).
15
Let v(u) = -3*u**2 - 2*u. Let f be 99/(-36) - (-2)/(-8). Give v(f).
-21
Let t(b) = b + 7. Let w be t(-10). Let g(l) be the third derivative of -l**4/12 - l**3/2 + 2*l**2. Determine g(w).
3
Let w(f) be the second derivative of f**4/24 + f**3/2 - 6*f**2 + 9*f. Let l(s) be the first derivative of w(s). Give l(-6).
-3
Let f(d) = -4*d**3 + 4*d**2 - 2*d + 9. Let b(p) = -5*p**3 + 4*p**2 - 2*p + 10. Let a(m) = 5*b(m) - 6*f(m). Let h be (-7 + 2)/(-2 - -3). What is a(h)?
11
Let g = -3 + 2. Let z(q) = -9*q. Let p(c) = 39*c - 1. Let w(u) = p(u) + 4*z(u). Calculate w(g).
-4
Let p(d) = d**3 - 10*d**2 + 8*d + 11. Let n be p(9). Let f(t) = 5 - 2*t - 8*t**3 + 395*t**n - 394*t**2 - 4. What is f(1)?
-8
Let b(r) = r**3 + 6*r**2 + 4. Let z = 31 + -15. Let m(n) = -22*n**3 - n**2 + n + 2. Let j be m(-1). Let l = z - j. Determine b(l).
4
Let i(c) = 13*c + 3*c**2 + 11*c**2 - 4*c**2 - 7 - 11*c**2. Determine i(5).
33
Suppose a + 3*l = 5*a + 4, -3*l = -5*a - 8. Let i(v) be the second derivative of 5/6*v**3 + 5/12*v**4 + 0 - 3*v + 3/2*v**2 + 1/20*v**5. Calculate i(a).
-1
Suppose -3*h - d - 4 = -36, 56 = 5*h + 3*d. Let c be (-2)/(h*6/(-16) + 4). Let u(t) = t**2 + 5*t - 5. Give u(c).
19
Let z(k) = k**2 - 6*k - 5. Suppose -c = -3*h - 4, 0 = 2*c + h - 6*h - 8. Suppose c*f = 32 - 4. Suppose -3*t = -2*t - f. Determine z(t).
2
Let k(y) = -y**3 + 7*y**2 + y - 3. Let x be -5*1*(4 + -2). Let u = -3 - x. What is k(u)?
4
Let m(q) = -97*q**2 - 2*q**3 + 97*q**2 + 3*q**3 - 8. Let x(k) = -k**3 - 7*k**2 + 9*k + 8. Let h be x(-8). Determine m(h).
-8
Let l(v) = 6*v**2 + 7*v - 4. Let s(h) = 7*h**2 + 8*h - 4. Let w(c) = 4*l(c) - 3*s(c). Determine w(-4).
28
Let u(l) = -l**3 + 6*l**2 - 2*l - 6. Let n = 34 - 23. Suppose s = -n + 17. Determine u(s).
-18
Let w(b) be the first derivative of -2*b**2 - 2*b + 1/3*b**3 - 10. Suppose 12 = -0*o + 3*o. Determine w(o).
-2
Let d(m) = 3*m**3 - 4*m**3 + 6*m**2 - 3 - 1 - 4*m. Let p(k) = 4*k**3 + k**2 - 1. Let l(u) = 5*u**3 - 1. Let b(a) = 2*l(a) - 3*p(a). Let c be b(-2). Give d(c).
1
Let h(w) = -26*w + 59*w**2 - 1 + 3*w**3 + 50*w - 25*w - 1 - 61*w**2. Let a(d) = -d**2 + 7*d - 4. Let o be a(5). Suppose 2*q = 5*q - o. What is h(q)?